{"id":77,"date":"2017-09-09T11:57:44","date_gmt":"2017-09-09T09:57:44","guid":{"rendered":"http:\/\/thomasdepryck.be\/?page_id=77"},"modified":"2017-09-09T11:57:44","modified_gmt":"2017-09-09T09:57:44","slug":"le-reserviste-extrait","status":"publish","type":"page","link":"https:\/\/thomasdepryck.be\/?page_id=77","title":{"rendered":"le r\u00e9serviste &#8211; extrait"},"content":{"rendered":"<div class=\"layoutArea\">\n<div class=\"column\">\n<p>1 : C\u2019est l\u2019histoire d\u2019un mec qui cherche une alternative au mod\u00e8le qu\u2019on lui propose.<\/p>\n<p>2 : C\u2019est l\u2019histoire d\u2019un mec qui s\u2019oppose \u00e0 la pro\u00e9minence canc\u00e9reuse de la \u00ab\u00a0valeur travail\u00a0\u00bb dans nos civilisations.<\/p>\n<\/div>\n<\/div>\n<div class=\"layoutArea\">\n<div class=\"column\">\n<p>1 : C\u2019est l\u2019histoire d\u2019un mec qui se sent inadapt\u00e9.<\/p>\n<p>2 : C\u2019est l\u2019histoire d\u2019un tar\u00e9 qui ne parvient pas \u00e0 se conformer au monde\u00a0dans lequel il vit.<\/p>\n<\/div>\n<\/div>\n<div class=\"layoutArea\">\n<div class=\"column\">\n<p>1 : C\u2019est l\u2019histoire d\u2019un feignant qui r\u00eave de glander.<\/p>\n<p>2 : C\u2019est l\u2019histoire d\u2019un type qui se noie petit \u00e0 petit.<\/p>\n<p>1 : C\u2019est l\u2019histoire d\u2019un type qui pr\u00e9tend pouvoir \u00e9chapper aux contraintes.<\/p>\n<p>2 : Un na\u00eff quoi.<\/p>\n<p>1 : Ou un parasite.<\/p>\n<p>2 : Mais \u00e7a ne marche pas.<\/p>\n<p>1 : Il va l\u2019avoir dans l\u2019os, \u00e0 tous les coups.<\/p>\n<p>2 : Un jour, on lui a dit :<\/p>\n<div class=\"page\" title=\"Page 12\">\n<div class=\"layoutArea\">\n<div class=\"column\">\n<p>1 : Tu dois gagner ta vie.<\/p>\n<p>2 : Faire quelque chose de ta vie.<\/p>\n<p>1 : Prendre tes responsabilit\u00e9s.<\/p>\n<p>2 : Te rendre utile.<\/p>\n<p>1 : Devenir quelqu\u2019un.<\/p>\n<p>3 : Et moi, au d\u00e9but, j\u2019ai rien compris.<\/p>\n<p>1 : Rien du tout.<\/p>\n<p>3 : J\u2019ai r\u00e9pliqu\u00e9 :<\/p>\n<\/div>\n<\/div>\n<div class=\"layoutArea\">\n<div class=\"column\">\n<p>2 : Mais tous les jours, je gagne ma vie ! Je me branle huit fois par heure, je suis bourr\u00e9 comme toute la Pologne la moiti\u00e9 de la semaine, je lis tout ce que je trouve, je regarde tous les films que je peux, et je r\u00e9fl\u00e9chis toute la saine journ\u00e9e\u2026 que faut-il faire de plus ?<\/p>\n<\/div>\n<\/div>\n<div class=\"layoutArea\">\n<div class=\"column\">\n<p>1 : Et alors ?<\/p>\n<p>3 : Et alors ? Si c\u2019est pas gagner sa vie \u00e7a, je sais pas ce que c\u2019est, ni o\u00f9 est\u00a0le probl\u00e8me ?<\/p>\n<\/div>\n<\/div>\n<div class=\"layoutArea\">\n<div class=\"column\">\n<p>1 : Le con !<\/p>\n<p>3 : Mais non, tu dois TRAVAILLER on lui a dit.<\/p>\n<\/div>\n<\/div>\n<\/div>\n<\/div>\n<\/div>\n","protected":false},"excerpt":{"rendered":"<p>1 : C\u2019est l\u2019histoire d\u2019un mec qui cherche une alternative au mod\u00e8le qu\u2019on lui propose. 2 : C\u2019est l\u2019histoire d\u2019un mec qui s\u2019oppose \u00e0 la pro\u00e9minence canc\u00e9reuse de la \u00ab\u00a0valeur travail\u00a0\u00bb dans nos civilisations. 1 : C\u2019est l\u2019histoire d\u2019un mec qui se sent inadapt\u00e9. 2 : C\u2019est l\u2019histoire d\u2019un tar\u00e9 qui ne parvient pas \u00e0 &hellip; <\/p>\n<p class=\"link-more\"><a href=\"https:\/\/thomasdepryck.be\/?page_id=77\" class=\"more-link\">Continuer la lecture<span class=\"screen-reader-text\"> de &laquo;&nbsp;le r\u00e9serviste &#8211; extrait&nbsp;&raquo;<\/span><\/a><\/p>\n","protected":false},"author":1,"featured_media":0,"parent":0,"menu_order":0,"comment_status":"closed","ping_status":"closed","template":"","meta":[],"yoast_head":"<!-- This site is optimized with the Yoast SEO plugin v18.2 - https:\/\/yoast.com\/wordpress\/plugins\/seo\/ -->\n<title>le r\u00e9serviste - extrait - thomas depryck<\/title>\n<meta name=\"robots\" content=\"index, follow, max-snippet:-1, max-image-preview:large, max-video-preview:-1\" \/>\n<link rel=\"canonical\" href=\"https:\/\/thomasdepryck.be\/?page_id=77\" \/>\n<meta property=\"og:locale\" content=\"fr_FR\" \/>\n<meta property=\"og:type\" content=\"article\" \/>\n<meta property=\"og:title\" content=\"le r\u00e9serviste - extrait - thomas depryck\" \/>\n<meta property=\"og:description\" content=\"1 : C\u2019est l\u2019histoire d\u2019un mec qui cherche une alternative au mod\u00e8le qu\u2019on lui propose. 2 : C\u2019est l\u2019histoire d\u2019un mec qui s\u2019oppose \u00e0 la pro\u00e9minence canc\u00e9reuse de la \u00ab\u00a0valeur travail\u00a0\u00bb dans nos civilisations. 1 : C\u2019est l\u2019histoire d\u2019un mec qui se sent inadapt\u00e9. 2 : C\u2019est l\u2019histoire d\u2019un tar\u00e9 qui ne parvient pas \u00e0 &hellip; Continuer la lecture de &laquo;&nbsp;le r\u00e9serviste &#8211; extrait&nbsp;&raquo;\" \/>\n<meta property=\"og:url\" content=\"https:\/\/thomasdepryck.be\/?page_id=77\" \/>\n<meta property=\"og:site_name\" content=\"thomas depryck\" \/>\n<meta name=\"twitter:card\" content=\"summary\" \/>\n<meta name=\"twitter:label1\" content=\"Dur\u00e9e de lecture estim\u00e9e\" \/>\n\t<meta name=\"twitter:data1\" content=\"1 minute\" \/>\n<script type=\"application\/ld+json\" class=\"yoast-schema-graph\">{\"@context\":\"https:\/\/schema.org\",\"@graph\":[{\"@type\":\"WebSite\",\"@id\":\"https:\/\/thomasdepryck.be\/#website\",\"url\":\"https:\/\/thomasdepryck.be\/\",\"name\":\"thomas depryck\",\"description\":\"auteur &amp; dramaturge\",\"potentialAction\":[{\"@type\":\"SearchAction\",\"target\":{\"@type\":\"EntryPoint\",\"urlTemplate\":\"https:\/\/thomasdepryck.be\/?s={search_term_string}\"},\"query-input\":\"required name=search_term_string\"}],\"inLanguage\":\"fr-FR\"},{\"@type\":\"WebPage\",\"@id\":\"https:\/\/thomasdepryck.be\/?page_id=77#webpage\",\"url\":\"https:\/\/thomasdepryck.be\/?page_id=77\",\"name\":\"le r\u00e9serviste - extrait - thomas depryck\",\"isPartOf\":{\"@id\":\"https:\/\/thomasdepryck.be\/#website\"},\"datePublished\":\"2017-09-09T09:57:44+00:00\",\"dateModified\":\"2017-09-09T09:57:44+00:00\",\"breadcrumb\":{\"@id\":\"https:\/\/thomasdepryck.be\/?page_id=77#breadcrumb\"},\"inLanguage\":\"fr-FR\",\"potentialAction\":[{\"@type\":\"ReadAction\",\"target\":[\"https:\/\/thomasdepryck.be\/?page_id=77\"]}]},{\"@type\":\"BreadcrumbList\",\"@id\":\"https:\/\/thomasdepryck.be\/?page_id=77#breadcrumb\",\"itemListElement\":[{\"@type\":\"ListItem\",\"position\":1,\"name\":\"Accueil\",\"item\":\"https:\/\/thomasdepryck.be\/\"},{\"@type\":\"ListItem\",\"position\":2,\"name\":\"le r\u00e9serviste &#8211; extrait\"}]}]}<\/script>\n<!-- \/ Yoast SEO plugin. -->","yoast_head_json":{"title":"le r\u00e9serviste - extrait - thomas depryck","robots":{"index":"index","follow":"follow","max-snippet":"max-snippet:-1","max-image-preview":"max-image-preview:large","max-video-preview":"max-video-preview:-1"},"canonical":"https:\/\/thomasdepryck.be\/?page_id=77","og_locale":"fr_FR","og_type":"article","og_title":"le r\u00e9serviste - extrait - thomas depryck","og_description":"1 : C\u2019est l\u2019histoire d\u2019un mec qui cherche une alternative au mod\u00e8le qu\u2019on lui propose. 2 : C\u2019est l\u2019histoire d\u2019un mec qui s\u2019oppose \u00e0 la pro\u00e9minence canc\u00e9reuse de la \u00ab\u00a0valeur travail\u00a0\u00bb dans nos civilisations. 1 : C\u2019est l\u2019histoire d\u2019un mec qui se sent inadapt\u00e9. 2 : C\u2019est l\u2019histoire d\u2019un tar\u00e9 qui ne parvient pas \u00e0 &hellip; Continuer la lecture de &laquo;&nbsp;le r\u00e9serviste &#8211; extrait&nbsp;&raquo;","og_url":"https:\/\/thomasdepryck.be\/?page_id=77","og_site_name":"thomas depryck","twitter_card":"summary","twitter_misc":{"Dur\u00e9e de lecture estim\u00e9e":"1 minute"},"schema":{"@context":"https:\/\/schema.org","@graph":[{"@type":"WebSite","@id":"https:\/\/thomasdepryck.be\/#website","url":"https:\/\/thomasdepryck.be\/","name":"thomas depryck","description":"auteur &amp; dramaturge","potentialAction":[{"@type":"SearchAction","target":{"@type":"EntryPoint","urlTemplate":"https:\/\/thomasdepryck.be\/?s={search_term_string}"},"query-input":"required name=search_term_string"}],"inLanguage":"fr-FR"},{"@type":"WebPage","@id":"https:\/\/thomasdepryck.be\/?page_id=77#webpage","url":"https:\/\/thomasdepryck.be\/?page_id=77","name":"le r\u00e9serviste - extrait - thomas depryck","isPartOf":{"@id":"https:\/\/thomasdepryck.be\/#website"},"datePublished":"2017-09-09T09:57:44+00:00","dateModified":"2017-09-09T09:57:44+00:00","breadcrumb":{"@id":"https:\/\/thomasdepryck.be\/?page_id=77#breadcrumb"},"inLanguage":"fr-FR","potentialAction":[{"@type":"ReadAction","target":["https:\/\/thomasdepryck.be\/?page_id=77"]}]},{"@type":"BreadcrumbList","@id":"https:\/\/thomasdepryck.be\/?page_id=77#breadcrumb","itemListElement":[{"@type":"ListItem","position":1,"name":"Accueil","item":"https:\/\/thomasdepryck.be\/"},{"@type":"ListItem","position":2,"name":"le r\u00e9serviste &#8211; extrait"}]}]}},"_links":{"self":[{"href":"https:\/\/thomasdepryck.be\/index.php?rest_route=\/wp\/v2\/pages\/77"}],"collection":[{"href":"https:\/\/thomasdepryck.be\/index.php?rest_route=\/wp\/v2\/pages"}],"about":[{"href":"https:\/\/thomasdepryck.be\/index.php?rest_route=\/wp\/v2\/types\/page"}],"author":[{"embeddable":true,"href":"https:\/\/thomasdepryck.be\/index.php?rest_route=\/wp\/v2\/users\/1"}],"replies":[{"embeddable":true,"href":"https:\/\/thomasdepryck.be\/index.php?rest_route=%2Fwp%2Fv2%2Fcomments&post=77"}],"version-history":[{"count":1,"href":"https:\/\/thomasdepryck.be\/index.php?rest_route=\/wp\/v2\/pages\/77\/revisions"}],"predecessor-version":[{"id":78,"href":"https:\/\/thomasdepryck.be\/index.php?rest_route=\/wp\/v2\/pages\/77\/revisions\/78"}],"wp:attachment":[{"href":"https:\/\/thomasdepryck.be\/index.php?rest_route=%2Fwp%2Fv2%2Fmedia&parent=77"}],"curies":[{"name":"wp","href":"https:\/\/api.w.org\/{rel}","templated":true}]}}

le réserviste &#8211; extrait

<div class="layoutArea">
<div class="column">
<p>1 : C’est l’histoire d’un mec qui cherche une alternative au modèle qu’on lui propose.</p>
<p>2 : C’est l’histoire d’un mec qui s’oppose à la proéminence cancéreuse de la « valeur travail » dans nos civilisations.</p>
</div>
</div>
<div class="layoutArea">
<div class="column">
<p>1 : C’est l’histoire d’un mec qui se sent inadapté.</p>
<p>2 : C’est l’histoire d’un taré qui ne parvient pas à se conformer au monde dans lequel il vit.</p>
</div>
</div>
<div class="layoutArea">
<div class="column">
<p>1 : C’est l’histoire d’un feignant qui rêve de glander.</p>
<p>2 : C’est l’histoire d’un type qui se noie petit à petit.</p>
<p>1 : C’est l’histoire d’un type qui prétend pouvoir échapper aux contraintes.</p>
<p>2 : Un naïf quoi.</p>
<p>1 : Ou un parasite.</p>
<p>2 : Mais ça ne marche pas.</p>
<p>1 : Il va l’avoir dans l’os, à tous les coups.</p>
<p>2 : Un jour, on lui a dit :</p>
<div class="page" title="Page 12">
<div class="layoutArea">
<div class="column">
<p>1 : Tu dois gagner ta vie.</p>
<p>2 : Faire quelque chose de ta vie.</p>
<p>1 : Prendre tes responsabilités.</p>
<p>2 : Te rendre utile.</p>
<p>1 : Devenir quelqu’un.</p>
<p>3 : Et moi, au début, j’ai rien compris.</p>
<p>1 : Rien du tout.</p>
<p>3 : J’ai répliqué :</p>
</div>
</div>
<div class="layoutArea">
<div class="column">
<p>2 : Mais tous les jours, je gagne ma vie ! Je me branle huit fois par heure, je suis bourré comme toute la Pologne la moitié de la semaine, je lis tout ce que je trouve, je regarde tous les films que je peux, et je réfléchis toute la saine journée… que faut-il faire de plus ?</p>
</div>
</div>
<div class="layoutArea">
<div class="column">
<p>1 : Et alors ?</p>
<p>3 : Et alors ? Si c’est pas gagner sa vie ça, je sais pas ce que c’est, ni où est le problème ?</p>
</div>
</div>
<div class="layoutArea">
<div class="column">
<p>1 : Le con !</p>
<p>3 : Mais non, tu dois TRAVAILLER on lui a dit.</p>
</div>
</div>
</div>
</div>
</div>

<p>1 : C’est l’histoire d’un mec qui cherche une alternative au modèle qu’on lui propose. 2 : C’est l’histoire d’un mec qui s’oppose à la proéminence cancéreuse de la « valeur travail » dans nos civilisations. 1 : C’est l’histoire d’un mec qui se sent inadapté. 2 : C’est l’histoire d’un taré qui ne parvient pas à &hellip; </p>
<p class="link-more"><a href="https://thomasdepryck.be/?page_id=77" class="more-link">Continuer la lecture<span class="screen-reader-text"> de &laquo;&nbsp;le réserviste &#8211; extrait&nbsp;&raquo;</span></a></p>

<!-- This site is optimized with the Yoast SEO plugin v18.2 - https://yoast.com/wordpress/plugins/seo/ -->
<title>le réserviste - extrait - thomas depryck</title>
<meta name="robots" content="index, follow, max-snippet:-1, max-image-preview:large, max-video-preview:-1" />
<link rel="canonical" href="https://thomasdepryck.be/?page_id=77" />
<meta property="og:locale" content="fr_FR" />
<meta property="og:type" content="article" />
<meta property="og:title" content="le réserviste - extrait - thomas depryck" />
<meta property="og:description" content="1 : C’est l’histoire d’un mec qui cherche une alternative au modèle qu’on lui propose. 2 : C’est l’histoire d’un mec qui s’oppose à la proéminence cancéreuse de la « valeur travail » dans nos civilisations. 1 : C’est l’histoire d’un mec qui se sent inadapté. 2 : C’est l’histoire d’un taré qui ne parvient pas à &hellip; Continuer la lecture de &laquo;&nbsp;le réserviste &#8211; extrait&nbsp;&raquo;" />
<meta property="og:url" content="https://thomasdepryck.be/?page_id=77" />
<meta property="og:site_name" content="thomas depryck" />
<meta name="twitter:card" content="summary" />
<meta name="twitter:label1" content="Durée de lecture estimée" />
	<meta name="twitter:data1" content="1 minute" />
<script type="application/ld+json" class="yoast-schema-graph">{"@context":"https://schema.org","@graph":[{"@type":"WebSite","@id":"https://thomasdepryck.be/#website","url":"https://thomasdepryck.be/","name":"thomas depryck","description":"auteur &amp; dramaturge","potentialAction":[{"@type":"SearchAction","target":{"@type":"EntryPoint","urlTemplate":"https://thomasdepryck.be/?s={search_term_string}"},"query-input":"required name=search_term_string"}],"inLanguage":"fr-FR"},{"@type":"WebPage","@id":"https://thomasdepryck.be/?page_id=77#webpage","url":"https://thomasdepryck.be/?page_id=77","name":"le réserviste - extrait - thomas depryck","isPartOf":{"@id":"https://thomasdepryck.be/#website"},"datePublished":"2017-09-09T09:57:44+00:00","dateModified":"2017-09-09T09:57:44+00:00","breadcrumb":{"@id":"https://thomasdepryck.be/?page_id=77#breadcrumb"},"inLanguage":"fr-FR","potentialAction":[{"@type":"ReadAction","target":["https://thomasdepryck.be/?page_id=77"]}]},{"@type":"BreadcrumbList","@id":"https://thomasdepryck.be/?page_id=77#breadcrumb","itemListElement":[{"@type":"ListItem","position":1,"name":"Accueil","item":"https://thomasdepryck.be/"},{"@type":"ListItem","position":2,"name":"le réserviste &#8211; extrait"}]}]}</script>
<!-- / Yoast SEO plugin. -->

le réserviste - extrait - thomas depryck

1 : C’est l’histoire d’un mec qui cherche une alternative au modèle qu’on lui propose. 2 : C’est l’histoire d’un mec qui s’oppose à la proéminence cancéreuse de la « valeur travail » dans nos civilisations. 1 : C’est l’histoire d’un mec qui se sent inadapté. 2 : C’est l’histoire d’un taré qui ne parvient pas à &hellip; Continuer la lecture de &laquo;&nbsp;le réserviste &#8211; extrait&nbsp;&raquo;
