{"id":2,"date":"2017-07-16T18:15:23","date_gmt":"2017-07-16T16:15:23","guid":{"rendered":"http:\/\/thomasdepryck.be\/?page_id=2"},"modified":"2017-07-16T21:55:28","modified_gmt":"2017-07-16T19:55:28","slug":"page-d-exemple","status":"publish","type":"page","link":"https:\/\/thomasdepryck.be\/","title":{"rendered":"biographie"},"content":{"rendered":"<p>Thomas Depryck est un auteur et un dramaturge belge n\u00e9 en 1979. Il travaille principalement, mais pas exclusivement, au sein de la compagnie De Facto, dirig\u00e9e par le metteur en sc\u00e8ne Antoine Laubin.<\/p>\n<p>Il a oeuvr\u00e9 en tant qu\u2019auteur ou co-auteur et en tant que dramaturge dans les spectacles \u00ab\u00a0Dehors\u00a0\u00bb (cr\u00e9\u00e9 au Th\u00e9\u00e2tre de Namur en 2012, dont la mise en sc\u00e8ne d&rsquo;Antoine Laubin a \u00e9t\u00e9 prim\u00e9e au festival Fast Forward \u00e0 Braunschweig en 2013), de \u00ab\u00a0L.E.A.R\u00a0\u00bb (cr\u00e9\u00e9 au Th\u00e9\u00e2tre de Namur, avec le Th\u00e9\u00e2tre Varia, le Man\u00e8ge.mons, et le Th\u00e9\u00e2tre de Li\u00e8ge), de \u00ab\u00a0Heimaten\u00a0\u00bb (cr\u00e9e au XS Festival \u00e0 Bruxelles et repris dans le focus XS du IN du festival d\u2019Avignon en 2016), de \u00ab\u00a0Il ne dansera qu&rsquo;avec elle\u00a0\u00bb (cr\u00e9\u00e9 au Th\u00e9\u00e2tre Varia et au Th\u00e9\u00e2tre de Li\u00e8ge en octobre 2016), tous mis en sc\u00e8ne par Antoine Laubin, mais aussi dans \u00ab\u00a0La beaut\u00e9 du d\u00e9sastre\u00a0\u00bb, mis en sc\u00e8ne par Lara Ceulemans (cr\u00e9\u00e9 au Mars \u00e0 Mons et au Th\u00e9\u00e2tre National \u00e0 Bruxelles, en avril-mai 2017).<\/p>\n<p>Il est par ailleurs l&rsquo;auteur de\u00a0\u00ab\u00a0Le R\u00e9serviste\u00a0\u00bb (Lansman, 2013, cr\u00e9\u00e9 au Festival XS au Th\u00e9\u00e2tre National en 2013, puis au Th\u00e9\u00e2tre de la vie en 2015), des textes de \u00ab\u00a0Dehors\u00a0\u00bb (Lansman 2013), de \u00ab\u00a0Etreintes dans le noir\u00a0\u00bb (Lansman, 2016), de \u00ab\u00a0Disparition(s)\u00a0\u00bb, de \u00ab\u00a0J&rsquo;ai creus\u00e9 un fleuve et je me suis jet\u00e9 dedans\u00a0\u00bb et de \u00ab\u00a0Le jour du meurtre dans la vie de Thomas Sawyer et Huckleberry Finn\u00a0\u00bb (texte publi\u00e9 dans le recueil \u00ab\u00a0La sc\u00e8ne aux ados\u00a0\u00bb num\u00e9ro 14, Lansman 2017).<\/p>\n<p>Il a \u00e9galement co-adapt\u00e9 pour la sc\u00e8ne les romans \u00ab\u00a0Les Langues paternelles\u00a0\u00bb de David Serge et \u00ab\u00a0D\u00e9mons me turlupinant\u00a0\u00bb de Patrick Declerck, avec Antoine Laubin, qui les a \u00e9galement mis en sc\u00e8ne.<\/p>\n<p>Le Prix Georges Vaxelaire (de l\u2019ARLF) lui a \u00e9t\u00e9 d\u00e9cern\u00e9 pour \u00ab\u00a0Dehors\u00a0\u00bb et \u00ab\u00a0Le R\u00e9serviste\u00a0\u00bb, tous deux publi\u00e9s chez Lansman, en collaboration avec L\u2019l et le CED. Il a \u00e9t\u00e9 nomm\u00e9 aux Prix de la critique Th\u00e9\u00e2tre\/Danse de la F\u00e9d\u00e9ration Wallonie-Bruxelles en 2012-2013 et en 2014-2015, dans la cat\u00e9gorie \u00ab\u00a0Meilleur auteur\u00a0\u00bb. \u00ab\u00a0Le R\u00e9serviste\u00a0\u00bb a remport\u00e9 le Prix Tournesol au Festival Off d\u2019Avignon en 2015. En 2016, Thomas Depryck a re\u00e7u le \u00ab\u00a0Internationalen AutorenPreis\u00a0\u00bb au Heidelberger St\u00fcckemarkts Festival (DE), pour sa pi\u00e8ce, \u00ab\u00a0Le R\u00e9serviste \/ Der reservist\u00a0\u00bb (traduction de Frank Weigand).<\/p>\n","protected":false},"excerpt":{"rendered":"<p>Thomas Depryck est un auteur et un dramaturge belge n\u00e9 en 1979. Il travaille principalement, mais pas exclusivement, au sein de la compagnie De Facto, dirig\u00e9e par le metteur en sc\u00e8ne Antoine Laubin. Il a oeuvr\u00e9 en tant qu\u2019auteur ou co-auteur et en tant que dramaturge dans les spectacles \u00ab\u00a0Dehors\u00a0\u00bb (cr\u00e9\u00e9 au Th\u00e9\u00e2tre de Namur &hellip; <\/p>\n<p class=\"link-more\"><a href=\"https:\/\/thomasdepryck.be\/\" class=\"more-link\">Continuer la lecture<span class=\"screen-reader-text\"> de &laquo;&nbsp;biographie&nbsp;&raquo;<\/span><\/a><\/p>\n","protected":false},"author":1,"featured_media":0,"parent":0,"menu_order":0,"comment_status":"closed","ping_status":"open","template":"","meta":[],"yoast_head":"<!-- This site is optimized with the Yoast SEO plugin v18.2 - https:\/\/yoast.com\/wordpress\/plugins\/seo\/ -->\n<title>biographie - thomas depryck<\/title>\n<meta name=\"robots\" content=\"index, follow, max-snippet:-1, max-image-preview:large, max-video-preview:-1\" \/>\n<link rel=\"canonical\" href=\"https:\/\/thomasdepryck.be\/\" \/>\n<meta property=\"og:locale\" content=\"fr_FR\" \/>\n<meta property=\"og:type\" content=\"article\" \/>\n<meta property=\"og:title\" content=\"biographie - thomas depryck\" \/>\n<meta property=\"og:description\" content=\"Thomas Depryck est un auteur et un dramaturge belge n\u00e9 en 1979. Il travaille principalement, mais pas exclusivement, au sein de la compagnie De Facto, dirig\u00e9e par le metteur en sc\u00e8ne Antoine Laubin. Il a oeuvr\u00e9 en tant qu\u2019auteur ou co-auteur et en tant que dramaturge dans les spectacles \u00ab\u00a0Dehors\u00a0\u00bb (cr\u00e9\u00e9 au Th\u00e9\u00e2tre de Namur &hellip; Continuer la lecture de &laquo;&nbsp;biographie&nbsp;&raquo;\" \/>\n<meta property=\"og:url\" content=\"https:\/\/thomasdepryck.be\/\" \/>\n<meta property=\"og:site_name\" content=\"thomas depryck\" \/>\n<meta property=\"article:modified_time\" content=\"2017-07-16T19:55:28+00:00\" \/>\n<meta name=\"twitter:card\" content=\"summary\" \/>\n<meta name=\"twitter:label1\" content=\"Dur\u00e9e de lecture estim\u00e9e\" \/>\n\t<meta name=\"twitter:data1\" content=\"2 minutes\" \/>\n<script type=\"application\/ld+json\" class=\"yoast-schema-graph\">{\"@context\":\"https:\/\/schema.org\",\"@graph\":[{\"@type\":\"WebSite\",\"@id\":\"https:\/\/thomasdepryck.be\/#website\",\"url\":\"https:\/\/thomasdepryck.be\/\",\"name\":\"thomas depryck\",\"description\":\"auteur &amp; dramaturge\",\"potentialAction\":[{\"@type\":\"SearchAction\",\"target\":{\"@type\":\"EntryPoint\",\"urlTemplate\":\"https:\/\/thomasdepryck.be\/?s={search_term_string}\"},\"query-input\":\"required name=search_term_string\"}],\"inLanguage\":\"fr-FR\"},{\"@type\":\"WebPage\",\"@id\":\"https:\/\/thomasdepryck.be\/#webpage\",\"url\":\"https:\/\/thomasdepryck.be\/\",\"name\":\"biographie - thomas depryck\",\"isPartOf\":{\"@id\":\"https:\/\/thomasdepryck.be\/#website\"},\"datePublished\":\"2017-07-16T16:15:23+00:00\",\"dateModified\":\"2017-07-16T19:55:28+00:00\",\"breadcrumb\":{\"@id\":\"https:\/\/thomasdepryck.be\/#breadcrumb\"},\"inLanguage\":\"fr-FR\",\"potentialAction\":[{\"@type\":\"ReadAction\",\"target\":[\"https:\/\/thomasdepryck.be\/\"]}]},{\"@type\":\"BreadcrumbList\",\"@id\":\"https:\/\/thomasdepryck.be\/#breadcrumb\",\"itemListElement\":[{\"@type\":\"ListItem\",\"position\":1,\"name\":\"Accueil\",\"item\":\"https:\/\/thomasdepryck.be\/\"},{\"@type\":\"ListItem\",\"position\":2,\"name\":\"biographie\"}]}]}<\/script>\n<!-- \/ Yoast SEO plugin. -->","yoast_head_json":{"title":"biographie - thomas depryck","robots":{"index":"index","follow":"follow","max-snippet":"max-snippet:-1","max-image-preview":"max-image-preview:large","max-video-preview":"max-video-preview:-1"},"canonical":"https:\/\/thomasdepryck.be\/","og_locale":"fr_FR","og_type":"article","og_title":"biographie - thomas depryck","og_description":"Thomas Depryck est un auteur et un dramaturge belge n\u00e9 en 1979. Il travaille principalement, mais pas exclusivement, au sein de la compagnie De Facto, dirig\u00e9e par le metteur en sc\u00e8ne Antoine Laubin. Il a oeuvr\u00e9 en tant qu\u2019auteur ou co-auteur et en tant que dramaturge dans les spectacles \u00ab\u00a0Dehors\u00a0\u00bb (cr\u00e9\u00e9 au Th\u00e9\u00e2tre de Namur &hellip; Continuer la lecture de &laquo;&nbsp;biographie&nbsp;&raquo;","og_url":"https:\/\/thomasdepryck.be\/","og_site_name":"thomas depryck","article_modified_time":"2017-07-16T19:55:28+00:00","twitter_card":"summary","twitter_misc":{"Dur\u00e9e de lecture estim\u00e9e":"2 minutes"},"schema":{"@context":"https:\/\/schema.org","@graph":[{"@type":"WebSite","@id":"https:\/\/thomasdepryck.be\/#website","url":"https:\/\/thomasdepryck.be\/","name":"thomas depryck","description":"auteur &amp; dramaturge","potentialAction":[{"@type":"SearchAction","target":{"@type":"EntryPoint","urlTemplate":"https:\/\/thomasdepryck.be\/?s={search_term_string}"},"query-input":"required name=search_term_string"}],"inLanguage":"fr-FR"},{"@type":"WebPage","@id":"https:\/\/thomasdepryck.be\/#webpage","url":"https:\/\/thomasdepryck.be\/","name":"biographie - thomas depryck","isPartOf":{"@id":"https:\/\/thomasdepryck.be\/#website"},"datePublished":"2017-07-16T16:15:23+00:00","dateModified":"2017-07-16T19:55:28+00:00","breadcrumb":{"@id":"https:\/\/thomasdepryck.be\/#breadcrumb"},"inLanguage":"fr-FR","potentialAction":[{"@type":"ReadAction","target":["https:\/\/thomasdepryck.be\/"]}]},{"@type":"BreadcrumbList","@id":"https:\/\/thomasdepryck.be\/#breadcrumb","itemListElement":[{"@type":"ListItem","position":1,"name":"Accueil","item":"https:\/\/thomasdepryck.be\/"},{"@type":"ListItem","position":2,"name":"biographie"}]}]}},"_links":{"self":[{"href":"https:\/\/thomasdepryck.be\/index.php?rest_route=\/wp\/v2\/pages\/2"}],"collection":[{"href":"https:\/\/thomasdepryck.be\/index.php?rest_route=\/wp\/v2\/pages"}],"about":[{"href":"https:\/\/thomasdepryck.be\/index.php?rest_route=\/wp\/v2\/types\/page"}],"author":[{"embeddable":true,"href":"https:\/\/thomasdepryck.be\/index.php?rest_route=\/wp\/v2\/users\/1"}],"replies":[{"embeddable":true,"href":"https:\/\/thomasdepryck.be\/index.php?rest_route=%2Fwp%2Fv2%2Fcomments&post=2"}],"version-history":[{"count":1,"href":"https:\/\/thomasdepryck.be\/index.php?rest_route=\/wp\/v2\/pages\/2\/revisions"}],"predecessor-version":[{"id":13,"href":"https:\/\/thomasdepryck.be\/index.php?rest_route=\/wp\/v2\/pages\/2\/revisions\/13"}],"wp:attachment":[{"href":"https:\/\/thomasdepryck.be\/index.php?rest_route=%2Fwp%2Fv2%2Fmedia&parent=2"}],"curies":[{"name":"wp","href":"https:\/\/api.w.org\/{rel}","templated":true}]}}

<p>Thomas Depryck est un auteur et un dramaturge belge né en 1979. Il travaille principalement, mais pas exclusivement, au sein de la compagnie De Facto, dirigée par le metteur en scène Antoine Laubin.</p>
<p>Il a oeuvré en tant qu’auteur ou co-auteur et en tant que dramaturge dans les spectacles « Dehors » (créé au Théâtre de Namur en 2012, dont la mise en scène d&rsquo;Antoine Laubin a été primée au festival Fast Forward à Braunschweig en 2013), de « L.E.A.R » (créé au Théâtre de Namur, avec le Théâtre Varia, le Manège.mons, et le Théâtre de Liège), de « Heimaten » (crée au XS Festival à Bruxelles et repris dans le focus XS du IN du festival d’Avignon en 2016), de « Il ne dansera qu&rsquo;avec elle » (créé au Théâtre Varia et au Théâtre de Liège en octobre 2016), tous mis en scène par Antoine Laubin, mais aussi dans « La beauté du désastre », mis en scène par Lara Ceulemans (créé au Mars à Mons et au Théâtre National à Bruxelles, en avril-mai 2017).</p>
<p>Il est par ailleurs l&rsquo;auteur de « Le Réserviste » (Lansman, 2013, créé au Festival XS au Théâtre National en 2013, puis au Théâtre de la vie en 2015), des textes de « Dehors » (Lansman 2013), de « Etreintes dans le noir » (Lansman, 2016), de « Disparition(s) », de « J&rsquo;ai creusé un fleuve et je me suis jeté dedans » et de « Le jour du meurtre dans la vie de Thomas Sawyer et Huckleberry Finn » (texte publié dans le recueil « La scène aux ados » numéro 14, Lansman 2017).</p>
<p>Il a également co-adapté pour la scène les romans « Les Langues paternelles » de David Serge et « Démons me turlupinant » de Patrick Declerck, avec Antoine Laubin, qui les a également mis en scène.</p>
<p>Le Prix Georges Vaxelaire (de l’ARLF) lui a été décerné pour « Dehors » et « Le Réserviste », tous deux publiés chez Lansman, en collaboration avec L’l et le CED. Il a été nommé aux Prix de la critique Théâtre/Danse de la Fédération Wallonie-Bruxelles en 2012-2013 et en 2014-2015, dans la catégorie « Meilleur auteur ». « Le Réserviste » a remporté le Prix Tournesol au Festival Off d’Avignon en 2015. En 2016, Thomas Depryck a reçu le « Internationalen AutorenPreis » au Heidelberger Stückemarkts Festival (DE), pour sa pièce, « Le Réserviste / Der reservist » (traduction de Frank Weigand).</p>

<p>Thomas Depryck est un auteur et un dramaturge belge né en 1979. Il travaille principalement, mais pas exclusivement, au sein de la compagnie De Facto, dirigée par le metteur en scène Antoine Laubin. Il a oeuvré en tant qu’auteur ou co-auteur et en tant que dramaturge dans les spectacles « Dehors » (créé au Théâtre de Namur &hellip; </p>
<p class="link-more"><a href="https://thomasdepryck.be/" class="more-link">Continuer la lecture<span class="screen-reader-text"> de &laquo;&nbsp;biographie&nbsp;&raquo;</span></a></p>

<!-- This site is optimized with the Yoast SEO plugin v18.2 - https://yoast.com/wordpress/plugins/seo/ -->
<title>biographie - thomas depryck</title>
<meta name="robots" content="index, follow, max-snippet:-1, max-image-preview:large, max-video-preview:-1" />
<link rel="canonical" href="https://thomasdepryck.be/" />
<meta property="og:locale" content="fr_FR" />
<meta property="og:type" content="article" />
<meta property="og:title" content="biographie - thomas depryck" />
<meta property="og:description" content="Thomas Depryck est un auteur et un dramaturge belge né en 1979. Il travaille principalement, mais pas exclusivement, au sein de la compagnie De Facto, dirigée par le metteur en scène Antoine Laubin. Il a oeuvré en tant qu’auteur ou co-auteur et en tant que dramaturge dans les spectacles « Dehors » (créé au Théâtre de Namur &hellip; Continuer la lecture de &laquo;&nbsp;biographie&nbsp;&raquo;" />
<meta property="og:url" content="https://thomasdepryck.be/" />
<meta property="og:site_name" content="thomas depryck" />
<meta property="article:modified_time" content="2017-07-16T19:55:28+00:00" />
<meta name="twitter:card" content="summary" />
<meta name="twitter:label1" content="Durée de lecture estimée" />
	<meta name="twitter:data1" content="2 minutes" />
<script type="application/ld+json" class="yoast-schema-graph">{"@context":"https://schema.org","@graph":[{"@type":"WebSite","@id":"https://thomasdepryck.be/#website","url":"https://thomasdepryck.be/","name":"thomas depryck","description":"auteur &amp; dramaturge","potentialAction":[{"@type":"SearchAction","target":{"@type":"EntryPoint","urlTemplate":"https://thomasdepryck.be/?s={search_term_string}"},"query-input":"required name=search_term_string"}],"inLanguage":"fr-FR"},{"@type":"WebPage","@id":"https://thomasdepryck.be/#webpage","url":"https://thomasdepryck.be/","name":"biographie - thomas depryck","isPartOf":{"@id":"https://thomasdepryck.be/#website"},"datePublished":"2017-07-16T16:15:23+00:00","dateModified":"2017-07-16T19:55:28+00:00","breadcrumb":{"@id":"https://thomasdepryck.be/#breadcrumb"},"inLanguage":"fr-FR","potentialAction":[{"@type":"ReadAction","target":["https://thomasdepryck.be/"]}]},{"@type":"BreadcrumbList","@id":"https://thomasdepryck.be/#breadcrumb","itemListElement":[{"@type":"ListItem","position":1,"name":"Accueil","item":"https://thomasdepryck.be/"},{"@type":"ListItem","position":2,"name":"biographie"}]}]}</script>
<!-- / Yoast SEO plugin. -->

Thomas Depryck est un auteur et un dramaturge belge né en 1979. Il travaille principalement, mais pas exclusivement, au sein de la compagnie De Facto, dirigée par le metteur en scène Antoine Laubin. Il a oeuvré en tant qu’auteur ou co-auteur et en tant que dramaturge dans les spectacles « Dehors » (créé au Théâtre de Namur &hellip; Continuer la lecture de &laquo;&nbsp;biographie&nbsp;&raquo;
