{"id":155,"date":"2017-09-09T16:14:13","date_gmt":"2017-09-09T14:14:13","guid":{"rendered":"http:\/\/thomasdepryck.be\/?page_id=155"},"modified":"2017-09-09T16:14:13","modified_gmt":"2017-09-09T14:14:13","slug":"articles-interviews-et-autres-textes","status":"publish","type":"page","link":"https:\/\/thomasdepryck.be\/?page_id=155","title":{"rendered":"Articles, interviews et autres textes"},"content":{"rendered":"<p>\u00ab\u00a0Fragments \u00e0 propos de l\u2019\u00e9criture r\u00e9f\u00e9rentielle\u00a0\u00bb, Etudes th\u00e9\u00e2trales n\u00b050, 2011<\/p>\n<p>\u00ab\u00a0Un pessimiste joyeux\u00a0\u00bb, interview avec Bernard Debroux, Parage 01 (La revue du Th\u00e9\u00e2tre National de Strasbourg)<\/p>\n<p>\u00ab\u00a0Personnages d\u00e9chir\u00e9s, voix \u00e9clat\u00e9es. Entretien avec Pieter De Buysser et Thomas Depryck par Karel Vanhaesebrouck\u00a0\u00bb, The\u00e2tre \/ Public, 223, \u00ab\u00a0Nouvelles \u00e9critures dramatiques europ\u00e9ennes\u00a0\u00bb, Janvier mars 2017.<\/p>\n<p>\u00ab\u00a0L\u2019insupportable l\u00e9g\u00e8ret\u00e9 de l\u2019auteur (dramatique)\u00a0\u00bb, Alternatives th\u00e9\u00e2trales, 131, mars 2017, \u00ab\u00a0Ecrire, <em>comment\u00a0?<\/em>\u00a0\u00bb.<\/p>\n","protected":false},"excerpt":{"rendered":"<p>\u00ab\u00a0Fragments \u00e0 propos de l\u2019\u00e9criture r\u00e9f\u00e9rentielle\u00a0\u00bb, Etudes th\u00e9\u00e2trales n\u00b050, 2011 \u00ab\u00a0Un pessimiste joyeux\u00a0\u00bb, interview avec Bernard Debroux, Parage 01 (La revue du Th\u00e9\u00e2tre National de Strasbourg) \u00ab\u00a0Personnages d\u00e9chir\u00e9s, voix \u00e9clat\u00e9es. Entretien avec Pieter De Buysser et Thomas Depryck par Karel Vanhaesebrouck\u00a0\u00bb, The\u00e2tre \/ Public, 223, \u00ab\u00a0Nouvelles \u00e9critures dramatiques europ\u00e9ennes\u00a0\u00bb, Janvier mars 2017. \u00ab\u00a0L\u2019insupportable l\u00e9g\u00e8ret\u00e9 de &hellip; <\/p>\n<p class=\"link-more\"><a href=\"https:\/\/thomasdepryck.be\/?page_id=155\" class=\"more-link\">Continuer la lecture<span class=\"screen-reader-text\"> de &laquo;&nbsp;Articles, interviews et autres textes&nbsp;&raquo;<\/span><\/a><\/p>\n","protected":false},"author":1,"featured_media":0,"parent":0,"menu_order":0,"comment_status":"closed","ping_status":"closed","template":"","meta":[],"yoast_head":"<!-- This site is optimized with the Yoast SEO plugin v18.2 - https:\/\/yoast.com\/wordpress\/plugins\/seo\/ -->\n<title>Articles, interviews et autres textes - thomas depryck<\/title>\n<meta name=\"robots\" content=\"index, follow, max-snippet:-1, max-image-preview:large, max-video-preview:-1\" \/>\n<link rel=\"canonical\" href=\"https:\/\/thomasdepryck.be\/?page_id=155\" \/>\n<meta property=\"og:locale\" content=\"fr_FR\" \/>\n<meta property=\"og:type\" content=\"article\" \/>\n<meta property=\"og:title\" content=\"Articles, interviews et autres textes - thomas depryck\" \/>\n<meta property=\"og:description\" content=\"\u00ab\u00a0Fragments \u00e0 propos de l\u2019\u00e9criture r\u00e9f\u00e9rentielle\u00a0\u00bb, Etudes th\u00e9\u00e2trales n\u00b050, 2011 \u00ab\u00a0Un pessimiste joyeux\u00a0\u00bb, interview avec Bernard Debroux, Parage 01 (La revue du Th\u00e9\u00e2tre National de Strasbourg) \u00ab\u00a0Personnages d\u00e9chir\u00e9s, voix \u00e9clat\u00e9es. Entretien avec Pieter De Buysser et Thomas Depryck par Karel Vanhaesebrouck\u00a0\u00bb, The\u00e2tre \/ Public, 223, \u00ab\u00a0Nouvelles \u00e9critures dramatiques europ\u00e9ennes\u00a0\u00bb, Janvier mars 2017. \u00ab\u00a0L\u2019insupportable l\u00e9g\u00e8ret\u00e9 de &hellip; Continuer la lecture de &laquo;&nbsp;Articles, interviews et autres textes&nbsp;&raquo;\" \/>\n<meta property=\"og:url\" content=\"https:\/\/thomasdepryck.be\/?page_id=155\" \/>\n<meta property=\"og:site_name\" content=\"thomas depryck\" \/>\n<meta name=\"twitter:card\" content=\"summary\" \/>\n<script type=\"application\/ld+json\" class=\"yoast-schema-graph\">{\"@context\":\"https:\/\/schema.org\",\"@graph\":[{\"@type\":\"WebSite\",\"@id\":\"https:\/\/thomasdepryck.be\/#website\",\"url\":\"https:\/\/thomasdepryck.be\/\",\"name\":\"thomas depryck\",\"description\":\"auteur &amp; dramaturge\",\"potentialAction\":[{\"@type\":\"SearchAction\",\"target\":{\"@type\":\"EntryPoint\",\"urlTemplate\":\"https:\/\/thomasdepryck.be\/?s={search_term_string}\"},\"query-input\":\"required name=search_term_string\"}],\"inLanguage\":\"fr-FR\"},{\"@type\":\"WebPage\",\"@id\":\"https:\/\/thomasdepryck.be\/?page_id=155#webpage\",\"url\":\"https:\/\/thomasdepryck.be\/?page_id=155\",\"name\":\"Articles, interviews et autres textes - thomas depryck\",\"isPartOf\":{\"@id\":\"https:\/\/thomasdepryck.be\/#website\"},\"datePublished\":\"2017-09-09T14:14:13+00:00\",\"dateModified\":\"2017-09-09T14:14:13+00:00\",\"breadcrumb\":{\"@id\":\"https:\/\/thomasdepryck.be\/?page_id=155#breadcrumb\"},\"inLanguage\":\"fr-FR\",\"potentialAction\":[{\"@type\":\"ReadAction\",\"target\":[\"https:\/\/thomasdepryck.be\/?page_id=155\"]}]},{\"@type\":\"BreadcrumbList\",\"@id\":\"https:\/\/thomasdepryck.be\/?page_id=155#breadcrumb\",\"itemListElement\":[{\"@type\":\"ListItem\",\"position\":1,\"name\":\"Accueil\",\"item\":\"https:\/\/thomasdepryck.be\/\"},{\"@type\":\"ListItem\",\"position\":2,\"name\":\"Articles, interviews et autres textes\"}]}]}<\/script>\n<!-- \/ Yoast SEO plugin. -->","yoast_head_json":{"title":"Articles, interviews et autres textes - thomas depryck","robots":{"index":"index","follow":"follow","max-snippet":"max-snippet:-1","max-image-preview":"max-image-preview:large","max-video-preview":"max-video-preview:-1"},"canonical":"https:\/\/thomasdepryck.be\/?page_id=155","og_locale":"fr_FR","og_type":"article","og_title":"Articles, interviews et autres textes - thomas depryck","og_description":"\u00ab\u00a0Fragments \u00e0 propos de l\u2019\u00e9criture r\u00e9f\u00e9rentielle\u00a0\u00bb, Etudes th\u00e9\u00e2trales n\u00b050, 2011 \u00ab\u00a0Un pessimiste joyeux\u00a0\u00bb, interview avec Bernard Debroux, Parage 01 (La revue du Th\u00e9\u00e2tre National de Strasbourg) \u00ab\u00a0Personnages d\u00e9chir\u00e9s, voix \u00e9clat\u00e9es. Entretien avec Pieter De Buysser et Thomas Depryck par Karel Vanhaesebrouck\u00a0\u00bb, The\u00e2tre \/ Public, 223, \u00ab\u00a0Nouvelles \u00e9critures dramatiques europ\u00e9ennes\u00a0\u00bb, Janvier mars 2017. \u00ab\u00a0L\u2019insupportable l\u00e9g\u00e8ret\u00e9 de &hellip; Continuer la lecture de &laquo;&nbsp;Articles, interviews et autres textes&nbsp;&raquo;","og_url":"https:\/\/thomasdepryck.be\/?page_id=155","og_site_name":"thomas depryck","twitter_card":"summary","schema":{"@context":"https:\/\/schema.org","@graph":[{"@type":"WebSite","@id":"https:\/\/thomasdepryck.be\/#website","url":"https:\/\/thomasdepryck.be\/","name":"thomas depryck","description":"auteur &amp; dramaturge","potentialAction":[{"@type":"SearchAction","target":{"@type":"EntryPoint","urlTemplate":"https:\/\/thomasdepryck.be\/?s={search_term_string}"},"query-input":"required name=search_term_string"}],"inLanguage":"fr-FR"},{"@type":"WebPage","@id":"https:\/\/thomasdepryck.be\/?page_id=155#webpage","url":"https:\/\/thomasdepryck.be\/?page_id=155","name":"Articles, interviews et autres textes - thomas depryck","isPartOf":{"@id":"https:\/\/thomasdepryck.be\/#website"},"datePublished":"2017-09-09T14:14:13+00:00","dateModified":"2017-09-09T14:14:13+00:00","breadcrumb":{"@id":"https:\/\/thomasdepryck.be\/?page_id=155#breadcrumb"},"inLanguage":"fr-FR","potentialAction":[{"@type":"ReadAction","target":["https:\/\/thomasdepryck.be\/?page_id=155"]}]},{"@type":"BreadcrumbList","@id":"https:\/\/thomasdepryck.be\/?page_id=155#breadcrumb","itemListElement":[{"@type":"ListItem","position":1,"name":"Accueil","item":"https:\/\/thomasdepryck.be\/"},{"@type":"ListItem","position":2,"name":"Articles, interviews et autres textes"}]}]}},"_links":{"self":[{"href":"https:\/\/thomasdepryck.be\/index.php?rest_route=\/wp\/v2\/pages\/155"}],"collection":[{"href":"https:\/\/thomasdepryck.be\/index.php?rest_route=\/wp\/v2\/pages"}],"about":[{"href":"https:\/\/thomasdepryck.be\/index.php?rest_route=\/wp\/v2\/types\/page"}],"author":[{"embeddable":true,"href":"https:\/\/thomasdepryck.be\/index.php?rest_route=\/wp\/v2\/users\/1"}],"replies":[{"embeddable":true,"href":"https:\/\/thomasdepryck.be\/index.php?rest_route=%2Fwp%2Fv2%2Fcomments&post=155"}],"version-history":[{"count":1,"href":"https:\/\/thomasdepryck.be\/index.php?rest_route=\/wp\/v2\/pages\/155\/revisions"}],"predecessor-version":[{"id":156,"href":"https:\/\/thomasdepryck.be\/index.php?rest_route=\/wp\/v2\/pages\/155\/revisions\/156"}],"wp:attachment":[{"href":"https:\/\/thomasdepryck.be\/index.php?rest_route=%2Fwp%2Fv2%2Fmedia&parent=155"}],"curies":[{"name":"wp","href":"https:\/\/api.w.org\/{rel}","templated":true}]}}

<p>« Fragments à propos de l’écriture référentielle », Etudes théâtrales n°50, 2011</p>
<p>« Un pessimiste joyeux », interview avec Bernard Debroux, Parage 01 (La revue du Théâtre National de Strasbourg)</p>
<p>« Personnages déchirés, voix éclatées. Entretien avec Pieter De Buysser et Thomas Depryck par Karel Vanhaesebrouck », Theâtre / Public, 223, « Nouvelles écritures dramatiques européennes », Janvier mars 2017.</p>
<p>« L’insupportable légèreté de l’auteur (dramatique) », Alternatives théâtrales, 131, mars 2017, « Ecrire, <em>comment ?</em> ».</p>

<p>« Fragments à propos de l’écriture référentielle », Etudes théâtrales n°50, 2011 « Un pessimiste joyeux », interview avec Bernard Debroux, Parage 01 (La revue du Théâtre National de Strasbourg) « Personnages déchirés, voix éclatées. Entretien avec Pieter De Buysser et Thomas Depryck par Karel Vanhaesebrouck », Theâtre / Public, 223, « Nouvelles écritures dramatiques européennes », Janvier mars 2017. « L’insupportable légèreté de &hellip; </p>
<p class="link-more"><a href="https://thomasdepryck.be/?page_id=155" class="more-link">Continuer la lecture<span class="screen-reader-text"> de &laquo;&nbsp;Articles, interviews et autres textes&nbsp;&raquo;</span></a></p>

<!-- This site is optimized with the Yoast SEO plugin v18.2 - https://yoast.com/wordpress/plugins/seo/ -->
<title>Articles, interviews et autres textes - thomas depryck</title>
<meta name="robots" content="index, follow, max-snippet:-1, max-image-preview:large, max-video-preview:-1" />
<link rel="canonical" href="https://thomasdepryck.be/?page_id=155" />
<meta property="og:locale" content="fr_FR" />
<meta property="og:type" content="article" />
<meta property="og:title" content="Articles, interviews et autres textes - thomas depryck" />
<meta property="og:description" content="« Fragments à propos de l’écriture référentielle », Etudes théâtrales n°50, 2011 « Un pessimiste joyeux », interview avec Bernard Debroux, Parage 01 (La revue du Théâtre National de Strasbourg) « Personnages déchirés, voix éclatées. Entretien avec Pieter De Buysser et Thomas Depryck par Karel Vanhaesebrouck », Theâtre / Public, 223, « Nouvelles écritures dramatiques européennes », Janvier mars 2017. « L’insupportable légèreté de &hellip; Continuer la lecture de &laquo;&nbsp;Articles, interviews et autres textes&nbsp;&raquo;" />
<meta property="og:url" content="https://thomasdepryck.be/?page_id=155" />
<meta property="og:site_name" content="thomas depryck" />
<meta name="twitter:card" content="summary" />
<script type="application/ld+json" class="yoast-schema-graph">{"@context":"https://schema.org","@graph":[{"@type":"WebSite","@id":"https://thomasdepryck.be/#website","url":"https://thomasdepryck.be/","name":"thomas depryck","description":"auteur &amp; dramaturge","potentialAction":[{"@type":"SearchAction","target":{"@type":"EntryPoint","urlTemplate":"https://thomasdepryck.be/?s={search_term_string}"},"query-input":"required name=search_term_string"}],"inLanguage":"fr-FR"},{"@type":"WebPage","@id":"https://thomasdepryck.be/?page_id=155#webpage","url":"https://thomasdepryck.be/?page_id=155","name":"Articles, interviews et autres textes - thomas depryck","isPartOf":{"@id":"https://thomasdepryck.be/#website"},"datePublished":"2017-09-09T14:14:13+00:00","dateModified":"2017-09-09T14:14:13+00:00","breadcrumb":{"@id":"https://thomasdepryck.be/?page_id=155#breadcrumb"},"inLanguage":"fr-FR","potentialAction":[{"@type":"ReadAction","target":["https://thomasdepryck.be/?page_id=155"]}]},{"@type":"BreadcrumbList","@id":"https://thomasdepryck.be/?page_id=155#breadcrumb","itemListElement":[{"@type":"ListItem","position":1,"name":"Accueil","item":"https://thomasdepryck.be/"},{"@type":"ListItem","position":2,"name":"Articles, interviews et autres textes"}]}]}</script>
<!-- / Yoast SEO plugin. -->

« Fragments à propos de l’écriture référentielle », Etudes théâtrales n°50, 2011 « Un pessimiste joyeux », interview avec Bernard Debroux, Parage 01 (La revue du Théâtre National de Strasbourg) « Personnages déchirés, voix éclatées. Entretien avec Pieter De Buysser et Thomas Depryck par Karel Vanhaesebrouck », Theâtre / Public, 223, « Nouvelles écritures dramatiques européennes », Janvier mars 2017. « L’insupportable légèreté de &hellip; Continuer la lecture de &laquo;&nbsp;Articles, interviews et autres textes&nbsp;&raquo;
