{"id":134,"date":"2017-09-09T15:37:03","date_gmt":"2017-09-09T13:37:03","guid":{"rendered":"http:\/\/thomasdepryck.be\/?page_id=134"},"modified":"2017-09-09T15:37:55","modified_gmt":"2017-09-09T13:37:55","slug":"le-jour-du-meurtre-dans-la-vie-de-thomas-sawyer-et-huckleberry-finn-synopsis-credits","status":"publish","type":"page","link":"https:\/\/thomasdepryck.be\/?page_id=134","title":{"rendered":"le jour du meurtre dans la vie de Thomas Sawyer et Huckleberry Finn &#8211; synopsis &#8211; cr\u00e9dits"},"content":{"rendered":"<p>Texte \u00e9crit dans le cadre du projet \u00ab\u00a0<a href=\"http:\/\/www.ithac.be\/la-scene-aux-ados\">La sc\u00e8ne aux ados<\/a>\u00a0\u00bb<\/p>\n<p>Tom et Huck assistent par hasard au meurtre du docteur Robinson par Joe l\u2019Indien. Ce dernier accuse Muff Potter, trop ivre pour se rappeler quoi que ce soit. A Saint\u00a0Petersburg, Missouri, chacun a son avis sur l\u2019affaire&#8230; Une fable dr\u00f4le et d\u00e9rangeante qui s&rsquo;inspire de Marc Twain pour mettre en lumi\u00e8re les faiblesses humaines.<\/p>\n<p><strong>Edition :\u00a0<\/strong><\/p>\n<p>\u00ab\u00a0Le jour du meurtre\u00a0dans la vie de Thomas Sawyer et Huckleberry Finn\u00a0\u00bb in \u00ab\u00a0La sc\u00e8ne aux ados\u00a0\u00bb, n\u00b014, Lansman, 2017.<\/p>\n","protected":false},"excerpt":{"rendered":"<p>Texte \u00e9crit dans le cadre du projet \u00ab\u00a0La sc\u00e8ne aux ados\u00a0\u00bb Tom et Huck assistent par hasard au meurtre du docteur Robinson par Joe l\u2019Indien. Ce dernier accuse Muff Potter, trop ivre pour se rappeler quoi que ce soit. A Saint\u00a0Petersburg, Missouri, chacun a son avis sur l\u2019affaire&#8230; Une fable dr\u00f4le et d\u00e9rangeante qui s&rsquo;inspire &hellip; <\/p>\n<p class=\"link-more\"><a href=\"https:\/\/thomasdepryck.be\/?page_id=134\" class=\"more-link\">Continuer la lecture<span class=\"screen-reader-text\"> de &laquo;&nbsp;le jour du meurtre dans la vie de Thomas Sawyer et Huckleberry Finn &#8211; synopsis &#8211; cr\u00e9dits&nbsp;&raquo;<\/span><\/a><\/p>\n","protected":false},"author":1,"featured_media":0,"parent":0,"menu_order":0,"comment_status":"closed","ping_status":"closed","template":"","meta":[],"yoast_head":"<!-- This site is optimized with the Yoast SEO plugin v18.2 - https:\/\/yoast.com\/wordpress\/plugins\/seo\/ -->\n<title>le jour du meurtre dans la vie de Thomas Sawyer et Huckleberry Finn - synopsis - cr\u00e9dits - thomas depryck<\/title>\n<meta name=\"robots\" content=\"index, follow, max-snippet:-1, max-image-preview:large, max-video-preview:-1\" \/>\n<link rel=\"canonical\" href=\"https:\/\/thomasdepryck.be\/?page_id=134\" \/>\n<meta property=\"og:locale\" content=\"fr_FR\" \/>\n<meta property=\"og:type\" content=\"article\" \/>\n<meta property=\"og:title\" content=\"le jour du meurtre dans la vie de Thomas Sawyer et Huckleberry Finn - synopsis - cr\u00e9dits - thomas depryck\" \/>\n<meta property=\"og:description\" content=\"Texte \u00e9crit dans le cadre du projet \u00ab\u00a0La sc\u00e8ne aux ados\u00a0\u00bb Tom et Huck assistent par hasard au meurtre du docteur Robinson par Joe l\u2019Indien. Ce dernier accuse Muff Potter, trop ivre pour se rappeler quoi que ce soit. A Saint\u00a0Petersburg, Missouri, chacun a son avis sur l\u2019affaire&#8230; Une fable dr\u00f4le et d\u00e9rangeante qui s&rsquo;inspire &hellip; Continuer la lecture de &laquo;&nbsp;le jour du meurtre dans la vie de Thomas Sawyer et Huckleberry Finn &#8211; synopsis &#8211; cr\u00e9dits&nbsp;&raquo;\" \/>\n<meta property=\"og:url\" content=\"https:\/\/thomasdepryck.be\/?page_id=134\" \/>\n<meta property=\"og:site_name\" content=\"thomas depryck\" \/>\n<meta property=\"article:modified_time\" content=\"2017-09-09T13:37:55+00:00\" \/>\n<meta name=\"twitter:card\" content=\"summary\" \/>\n<script type=\"application\/ld+json\" class=\"yoast-schema-graph\">{\"@context\":\"https:\/\/schema.org\",\"@graph\":[{\"@type\":\"WebSite\",\"@id\":\"https:\/\/thomasdepryck.be\/#website\",\"url\":\"https:\/\/thomasdepryck.be\/\",\"name\":\"thomas depryck\",\"description\":\"auteur &amp; dramaturge\",\"potentialAction\":[{\"@type\":\"SearchAction\",\"target\":{\"@type\":\"EntryPoint\",\"urlTemplate\":\"https:\/\/thomasdepryck.be\/?s={search_term_string}\"},\"query-input\":\"required name=search_term_string\"}],\"inLanguage\":\"fr-FR\"},{\"@type\":\"WebPage\",\"@id\":\"https:\/\/thomasdepryck.be\/?page_id=134#webpage\",\"url\":\"https:\/\/thomasdepryck.be\/?page_id=134\",\"name\":\"le jour du meurtre dans la vie de Thomas Sawyer et Huckleberry Finn - synopsis - cr\u00e9dits - thomas depryck\",\"isPartOf\":{\"@id\":\"https:\/\/thomasdepryck.be\/#website\"},\"datePublished\":\"2017-09-09T13:37:03+00:00\",\"dateModified\":\"2017-09-09T13:37:55+00:00\",\"breadcrumb\":{\"@id\":\"https:\/\/thomasdepryck.be\/?page_id=134#breadcrumb\"},\"inLanguage\":\"fr-FR\",\"potentialAction\":[{\"@type\":\"ReadAction\",\"target\":[\"https:\/\/thomasdepryck.be\/?page_id=134\"]}]},{\"@type\":\"BreadcrumbList\",\"@id\":\"https:\/\/thomasdepryck.be\/?page_id=134#breadcrumb\",\"itemListElement\":[{\"@type\":\"ListItem\",\"position\":1,\"name\":\"Accueil\",\"item\":\"https:\/\/thomasdepryck.be\/\"},{\"@type\":\"ListItem\",\"position\":2,\"name\":\"le jour du meurtre dans la vie de Thomas Sawyer et Huckleberry Finn &#8211; synopsis &#8211; cr\u00e9dits\"}]}]}<\/script>\n<!-- \/ Yoast SEO plugin. -->","yoast_head_json":{"title":"le jour du meurtre dans la vie de Thomas Sawyer et Huckleberry Finn - synopsis - cr\u00e9dits - thomas depryck","robots":{"index":"index","follow":"follow","max-snippet":"max-snippet:-1","max-image-preview":"max-image-preview:large","max-video-preview":"max-video-preview:-1"},"canonical":"https:\/\/thomasdepryck.be\/?page_id=134","og_locale":"fr_FR","og_type":"article","og_title":"le jour du meurtre dans la vie de Thomas Sawyer et Huckleberry Finn - synopsis - cr\u00e9dits - thomas depryck","og_description":"Texte \u00e9crit dans le cadre du projet \u00ab\u00a0La sc\u00e8ne aux ados\u00a0\u00bb Tom et Huck assistent par hasard au meurtre du docteur Robinson par Joe l\u2019Indien. Ce dernier accuse Muff Potter, trop ivre pour se rappeler quoi que ce soit. A Saint\u00a0Petersburg, Missouri, chacun a son avis sur l\u2019affaire&#8230; Une fable dr\u00f4le et d\u00e9rangeante qui s&rsquo;inspire &hellip; Continuer la lecture de &laquo;&nbsp;le jour du meurtre dans la vie de Thomas Sawyer et Huckleberry Finn &#8211; synopsis &#8211; cr\u00e9dits&nbsp;&raquo;","og_url":"https:\/\/thomasdepryck.be\/?page_id=134","og_site_name":"thomas depryck","article_modified_time":"2017-09-09T13:37:55+00:00","twitter_card":"summary","schema":{"@context":"https:\/\/schema.org","@graph":[{"@type":"WebSite","@id":"https:\/\/thomasdepryck.be\/#website","url":"https:\/\/thomasdepryck.be\/","name":"thomas depryck","description":"auteur &amp; dramaturge","potentialAction":[{"@type":"SearchAction","target":{"@type":"EntryPoint","urlTemplate":"https:\/\/thomasdepryck.be\/?s={search_term_string}"},"query-input":"required name=search_term_string"}],"inLanguage":"fr-FR"},{"@type":"WebPage","@id":"https:\/\/thomasdepryck.be\/?page_id=134#webpage","url":"https:\/\/thomasdepryck.be\/?page_id=134","name":"le jour du meurtre dans la vie de Thomas Sawyer et Huckleberry Finn - synopsis - cr\u00e9dits - thomas depryck","isPartOf":{"@id":"https:\/\/thomasdepryck.be\/#website"},"datePublished":"2017-09-09T13:37:03+00:00","dateModified":"2017-09-09T13:37:55+00:00","breadcrumb":{"@id":"https:\/\/thomasdepryck.be\/?page_id=134#breadcrumb"},"inLanguage":"fr-FR","potentialAction":[{"@type":"ReadAction","target":["https:\/\/thomasdepryck.be\/?page_id=134"]}]},{"@type":"BreadcrumbList","@id":"https:\/\/thomasdepryck.be\/?page_id=134#breadcrumb","itemListElement":[{"@type":"ListItem","position":1,"name":"Accueil","item":"https:\/\/thomasdepryck.be\/"},{"@type":"ListItem","position":2,"name":"le jour du meurtre dans la vie de Thomas Sawyer et Huckleberry Finn &#8211; synopsis &#8211; cr\u00e9dits"}]}]}},"_links":{"self":[{"href":"https:\/\/thomasdepryck.be\/index.php?rest_route=\/wp\/v2\/pages\/134"}],"collection":[{"href":"https:\/\/thomasdepryck.be\/index.php?rest_route=\/wp\/v2\/pages"}],"about":[{"href":"https:\/\/thomasdepryck.be\/index.php?rest_route=\/wp\/v2\/types\/page"}],"author":[{"embeddable":true,"href":"https:\/\/thomasdepryck.be\/index.php?rest_route=\/wp\/v2\/users\/1"}],"replies":[{"embeddable":true,"href":"https:\/\/thomasdepryck.be\/index.php?rest_route=%2Fwp%2Fv2%2Fcomments&post=134"}],"version-history":[{"count":2,"href":"https:\/\/thomasdepryck.be\/index.php?rest_route=\/wp\/v2\/pages\/134\/revisions"}],"predecessor-version":[{"id":136,"href":"https:\/\/thomasdepryck.be\/index.php?rest_route=\/wp\/v2\/pages\/134\/revisions\/136"}],"wp:attachment":[{"href":"https:\/\/thomasdepryck.be\/index.php?rest_route=%2Fwp%2Fv2%2Fmedia&parent=134"}],"curies":[{"name":"wp","href":"https:\/\/api.w.org\/{rel}","templated":true}]}}

le jour du meurtre dans la vie de Thomas Sawyer et Huckleberry Finn &#8211; synopsis &#8211; crédits

<p>Texte écrit dans le cadre du projet « <a href="http://www.ithac.be/la-scene-aux-ados">La scène aux ados</a> »</p>
<p>Tom et Huck assistent par hasard au meurtre du docteur Robinson par Joe l’Indien. Ce dernier accuse Muff Potter, trop ivre pour se rappeler quoi que ce soit. A Saint Petersburg, Missouri, chacun a son avis sur l’affaire&#8230; Une fable drôle et dérangeante qui s&rsquo;inspire de Marc Twain pour mettre en lumière les faiblesses humaines.</p>
<p><strong>Edition : </strong></p>
<p>« Le jour du meurtre dans la vie de Thomas Sawyer et Huckleberry Finn » in « La scène aux ados », n°14, Lansman, 2017.</p>

<p>Texte écrit dans le cadre du projet « La scène aux ados » Tom et Huck assistent par hasard au meurtre du docteur Robinson par Joe l’Indien. Ce dernier accuse Muff Potter, trop ivre pour se rappeler quoi que ce soit. A Saint Petersburg, Missouri, chacun a son avis sur l’affaire&#8230; Une fable drôle et dérangeante qui s&rsquo;inspire &hellip; </p>
<p class="link-more"><a href="https://thomasdepryck.be/?page_id=134" class="more-link">Continuer la lecture<span class="screen-reader-text"> de &laquo;&nbsp;le jour du meurtre dans la vie de Thomas Sawyer et Huckleberry Finn &#8211; synopsis &#8211; crédits&nbsp;&raquo;</span></a></p>

<!-- This site is optimized with the Yoast SEO plugin v18.2 - https://yoast.com/wordpress/plugins/seo/ -->
<title>le jour du meurtre dans la vie de Thomas Sawyer et Huckleberry Finn - synopsis - crédits - thomas depryck</title>
<meta name="robots" content="index, follow, max-snippet:-1, max-image-preview:large, max-video-preview:-1" />
<link rel="canonical" href="https://thomasdepryck.be/?page_id=134" />
<meta property="og:locale" content="fr_FR" />
<meta property="og:type" content="article" />
<meta property="og:title" content="le jour du meurtre dans la vie de Thomas Sawyer et Huckleberry Finn - synopsis - crédits - thomas depryck" />
<meta property="og:description" content="Texte écrit dans le cadre du projet « La scène aux ados » Tom et Huck assistent par hasard au meurtre du docteur Robinson par Joe l’Indien. Ce dernier accuse Muff Potter, trop ivre pour se rappeler quoi que ce soit. A Saint Petersburg, Missouri, chacun a son avis sur l’affaire&#8230; Une fable drôle et dérangeante qui s&rsquo;inspire &hellip; Continuer la lecture de &laquo;&nbsp;le jour du meurtre dans la vie de Thomas Sawyer et Huckleberry Finn &#8211; synopsis &#8211; crédits&nbsp;&raquo;" />
<meta property="og:url" content="https://thomasdepryck.be/?page_id=134" />
<meta property="og:site_name" content="thomas depryck" />
<meta property="article:modified_time" content="2017-09-09T13:37:55+00:00" />
<meta name="twitter:card" content="summary" />
<script type="application/ld+json" class="yoast-schema-graph">{"@context":"https://schema.org","@graph":[{"@type":"WebSite","@id":"https://thomasdepryck.be/#website","url":"https://thomasdepryck.be/","name":"thomas depryck","description":"auteur &amp; dramaturge","potentialAction":[{"@type":"SearchAction","target":{"@type":"EntryPoint","urlTemplate":"https://thomasdepryck.be/?s={search_term_string}"},"query-input":"required name=search_term_string"}],"inLanguage":"fr-FR"},{"@type":"WebPage","@id":"https://thomasdepryck.be/?page_id=134#webpage","url":"https://thomasdepryck.be/?page_id=134","name":"le jour du meurtre dans la vie de Thomas Sawyer et Huckleberry Finn - synopsis - crédits - thomas depryck","isPartOf":{"@id":"https://thomasdepryck.be/#website"},"datePublished":"2017-09-09T13:37:03+00:00","dateModified":"2017-09-09T13:37:55+00:00","breadcrumb":{"@id":"https://thomasdepryck.be/?page_id=134#breadcrumb"},"inLanguage":"fr-FR","potentialAction":[{"@type":"ReadAction","target":["https://thomasdepryck.be/?page_id=134"]}]},{"@type":"BreadcrumbList","@id":"https://thomasdepryck.be/?page_id=134#breadcrumb","itemListElement":[{"@type":"ListItem","position":1,"name":"Accueil","item":"https://thomasdepryck.be/"},{"@type":"ListItem","position":2,"name":"le jour du meurtre dans la vie de Thomas Sawyer et Huckleberry Finn &#8211; synopsis &#8211; crédits"}]}]}</script>
<!-- / Yoast SEO plugin. -->

le jour du meurtre dans la vie de Thomas Sawyer et Huckleberry Finn - synopsis - crédits - thomas depryck

Texte écrit dans le cadre du projet « La scène aux ados » Tom et Huck assistent par hasard au meurtre du docteur Robinson par Joe l’Indien. Ce dernier accuse Muff Potter, trop ivre pour se rappeler quoi que ce soit. A Saint Petersburg, Missouri, chacun a son avis sur l’affaire&#8230; Une fable drôle et dérangeante qui s&rsquo;inspire &hellip; Continuer la lecture de &laquo;&nbsp;le jour du meurtre dans la vie de Thomas Sawyer et Huckleberry Finn &#8211; synopsis &#8211; crédits&nbsp;&raquo;
