{"id":125,"date":"2017-09-09T15:09:19","date_gmt":"2017-09-09T13:09:19","guid":{"rendered":"http:\/\/thomasdepryck.be\/?page_id=125"},"modified":"2017-09-09T15:09:19","modified_gmt":"2017-09-09T13:09:19","slug":"le-fond-de-lair-est-toujours-aussi-froid-synopsis-credits","status":"publish","type":"page","link":"https:\/\/thomasdepryck.be\/?page_id=125","title":{"rendered":"le fond de l&rsquo;air est toujours aussi froid &#8211; synopsis &#8211; cr\u00e9dits"},"content":{"rendered":"<p>Le fond de l\u2019air est frais\u00a0? Le fond de l\u2019air est rouge\u00a0?<\/p>\n<p>Le fond de l\u2019air est toujours aussi froid.<\/p>\n<p>Trois hommes, une femme, un patron, un homme d\u2019affaire, quelques hommes politiques, des com\u00e9dien(ne)s et quelques riches sont mis dans le m\u00eame chapeau de ce texte \u00e0 l\u2019\u00e9criture vive et polyphonique, ironique et satirique.<\/p>\n<p>A l\u2019horizon d\u2019une ambiance de lutte des classes suppos\u00e9e en d\u00e9clin, \u00ab\u00a0Le fond de l\u2019air est toujours aussi froid\u00a0\u00bb s\u2019invite dans l\u2019enfer \u00e9conomique de notre temps, dans le grand p\u00e9trin capitaliste, au rayon de la col\u00e8re, avec une petite musique d\u2019une noirceur jubilatoire qui sonne comme un avertissement, \u00e0 renverser joyeusement les perspectives (ou presque), tout ne s\u2019interdisant pas de s\u2019attarder, par exemple, sur le c\u00e9l\u00e8bre et \u00e9nigmatique tableau de Magritte \u00ab\u00a0Golconda\u00a0\u00bb, ou de jouer \u00e0 \u00ab\u00a0je te tiens, tu me tiens par la barbichette\u00a0\u00bb.<\/p>\n<p><strong>Cr\u00e9ation(s) \u2013 Date(s) de repr\u00e9sentations :<\/strong><\/p>\n<ul>\n<li>(en cours) par la Compagnie Apr\u00e8s moi le d\u00e9luge ?, mise en sc\u00e8ne de Michel Collige, avec\u00a0Fanny Dreiss, Micka\u00ebl Dubois, Colin Javaux, Marc Laurent et Allan Bertin :\n<ul>\n<li>Cocq&rsquo;Art Festival, Bruxelles, BE, le 2 juin 2017.<\/li>\n<\/ul>\n<\/li>\n<\/ul>\n","protected":false},"excerpt":{"rendered":"<p>Le fond de l\u2019air est frais\u00a0? Le fond de l\u2019air est rouge\u00a0? Le fond de l\u2019air est toujours aussi froid. Trois hommes, une femme, un patron, un homme d\u2019affaire, quelques hommes politiques, des com\u00e9dien(ne)s et quelques riches sont mis dans le m\u00eame chapeau de ce texte \u00e0 l\u2019\u00e9criture vive et polyphonique, ironique et satirique. A &hellip; <\/p>\n<p class=\"link-more\"><a href=\"https:\/\/thomasdepryck.be\/?page_id=125\" class=\"more-link\">Continuer la lecture<span class=\"screen-reader-text\"> de &laquo;&nbsp;le fond de l&rsquo;air est toujours aussi froid &#8211; synopsis &#8211; cr\u00e9dits&nbsp;&raquo;<\/span><\/a><\/p>\n","protected":false},"author":1,"featured_media":0,"parent":0,"menu_order":0,"comment_status":"closed","ping_status":"closed","template":"","meta":[],"yoast_head":"<!-- This site is optimized with the Yoast SEO plugin v18.2 - https:\/\/yoast.com\/wordpress\/plugins\/seo\/ -->\n<title>le fond de l&#039;air est toujours aussi froid - synopsis - cr\u00e9dits - thomas depryck<\/title>\n<meta name=\"robots\" content=\"index, follow, max-snippet:-1, max-image-preview:large, max-video-preview:-1\" \/>\n<link rel=\"canonical\" href=\"https:\/\/thomasdepryck.be\/?page_id=125\" \/>\n<meta property=\"og:locale\" content=\"fr_FR\" \/>\n<meta property=\"og:type\" content=\"article\" \/>\n<meta property=\"og:title\" content=\"le fond de l&#039;air est toujours aussi froid - synopsis - cr\u00e9dits - thomas depryck\" \/>\n<meta property=\"og:description\" content=\"Le fond de l\u2019air est frais\u00a0? Le fond de l\u2019air est rouge\u00a0? Le fond de l\u2019air est toujours aussi froid. Trois hommes, une femme, un patron, un homme d\u2019affaire, quelques hommes politiques, des com\u00e9dien(ne)s et quelques riches sont mis dans le m\u00eame chapeau de ce texte \u00e0 l\u2019\u00e9criture vive et polyphonique, ironique et satirique. A &hellip; Continuer la lecture de &laquo;&nbsp;le fond de l&rsquo;air est toujours aussi froid &#8211; synopsis &#8211; cr\u00e9dits&nbsp;&raquo;\" \/>\n<meta property=\"og:url\" content=\"https:\/\/thomasdepryck.be\/?page_id=125\" \/>\n<meta property=\"og:site_name\" content=\"thomas depryck\" \/>\n<meta name=\"twitter:card\" content=\"summary\" \/>\n<meta name=\"twitter:label1\" content=\"Dur\u00e9e de lecture estim\u00e9e\" \/>\n\t<meta name=\"twitter:data1\" content=\"1 minute\" \/>\n<script type=\"application\/ld+json\" class=\"yoast-schema-graph\">{\"@context\":\"https:\/\/schema.org\",\"@graph\":[{\"@type\":\"WebSite\",\"@id\":\"https:\/\/thomasdepryck.be\/#website\",\"url\":\"https:\/\/thomasdepryck.be\/\",\"name\":\"thomas depryck\",\"description\":\"auteur &amp; dramaturge\",\"potentialAction\":[{\"@type\":\"SearchAction\",\"target\":{\"@type\":\"EntryPoint\",\"urlTemplate\":\"https:\/\/thomasdepryck.be\/?s={search_term_string}\"},\"query-input\":\"required name=search_term_string\"}],\"inLanguage\":\"fr-FR\"},{\"@type\":\"WebPage\",\"@id\":\"https:\/\/thomasdepryck.be\/?page_id=125#webpage\",\"url\":\"https:\/\/thomasdepryck.be\/?page_id=125\",\"name\":\"le fond de l'air est toujours aussi froid - synopsis - cr\u00e9dits - thomas depryck\",\"isPartOf\":{\"@id\":\"https:\/\/thomasdepryck.be\/#website\"},\"datePublished\":\"2017-09-09T13:09:19+00:00\",\"dateModified\":\"2017-09-09T13:09:19+00:00\",\"breadcrumb\":{\"@id\":\"https:\/\/thomasdepryck.be\/?page_id=125#breadcrumb\"},\"inLanguage\":\"fr-FR\",\"potentialAction\":[{\"@type\":\"ReadAction\",\"target\":[\"https:\/\/thomasdepryck.be\/?page_id=125\"]}]},{\"@type\":\"BreadcrumbList\",\"@id\":\"https:\/\/thomasdepryck.be\/?page_id=125#breadcrumb\",\"itemListElement\":[{\"@type\":\"ListItem\",\"position\":1,\"name\":\"Accueil\",\"item\":\"https:\/\/thomasdepryck.be\/\"},{\"@type\":\"ListItem\",\"position\":2,\"name\":\"le fond de l&rsquo;air est toujours aussi froid &#8211; synopsis &#8211; cr\u00e9dits\"}]}]}<\/script>\n<!-- \/ Yoast SEO plugin. -->","yoast_head_json":{"title":"le fond de l'air est toujours aussi froid - synopsis - cr\u00e9dits - thomas depryck","robots":{"index":"index","follow":"follow","max-snippet":"max-snippet:-1","max-image-preview":"max-image-preview:large","max-video-preview":"max-video-preview:-1"},"canonical":"https:\/\/thomasdepryck.be\/?page_id=125","og_locale":"fr_FR","og_type":"article","og_title":"le fond de l'air est toujours aussi froid - synopsis - cr\u00e9dits - thomas depryck","og_description":"Le fond de l\u2019air est frais\u00a0? Le fond de l\u2019air est rouge\u00a0? Le fond de l\u2019air est toujours aussi froid. Trois hommes, une femme, un patron, un homme d\u2019affaire, quelques hommes politiques, des com\u00e9dien(ne)s et quelques riches sont mis dans le m\u00eame chapeau de ce texte \u00e0 l\u2019\u00e9criture vive et polyphonique, ironique et satirique. A &hellip; Continuer la lecture de &laquo;&nbsp;le fond de l&rsquo;air est toujours aussi froid &#8211; synopsis &#8211; cr\u00e9dits&nbsp;&raquo;","og_url":"https:\/\/thomasdepryck.be\/?page_id=125","og_site_name":"thomas depryck","twitter_card":"summary","twitter_misc":{"Dur\u00e9e de lecture estim\u00e9e":"1 minute"},"schema":{"@context":"https:\/\/schema.org","@graph":[{"@type":"WebSite","@id":"https:\/\/thomasdepryck.be\/#website","url":"https:\/\/thomasdepryck.be\/","name":"thomas depryck","description":"auteur &amp; dramaturge","potentialAction":[{"@type":"SearchAction","target":{"@type":"EntryPoint","urlTemplate":"https:\/\/thomasdepryck.be\/?s={search_term_string}"},"query-input":"required name=search_term_string"}],"inLanguage":"fr-FR"},{"@type":"WebPage","@id":"https:\/\/thomasdepryck.be\/?page_id=125#webpage","url":"https:\/\/thomasdepryck.be\/?page_id=125","name":"le fond de l'air est toujours aussi froid - synopsis - cr\u00e9dits - thomas depryck","isPartOf":{"@id":"https:\/\/thomasdepryck.be\/#website"},"datePublished":"2017-09-09T13:09:19+00:00","dateModified":"2017-09-09T13:09:19+00:00","breadcrumb":{"@id":"https:\/\/thomasdepryck.be\/?page_id=125#breadcrumb"},"inLanguage":"fr-FR","potentialAction":[{"@type":"ReadAction","target":["https:\/\/thomasdepryck.be\/?page_id=125"]}]},{"@type":"BreadcrumbList","@id":"https:\/\/thomasdepryck.be\/?page_id=125#breadcrumb","itemListElement":[{"@type":"ListItem","position":1,"name":"Accueil","item":"https:\/\/thomasdepryck.be\/"},{"@type":"ListItem","position":2,"name":"le fond de l&rsquo;air est toujours aussi froid &#8211; synopsis &#8211; cr\u00e9dits"}]}]}},"_links":{"self":[{"href":"https:\/\/thomasdepryck.be\/index.php?rest_route=\/wp\/v2\/pages\/125"}],"collection":[{"href":"https:\/\/thomasdepryck.be\/index.php?rest_route=\/wp\/v2\/pages"}],"about":[{"href":"https:\/\/thomasdepryck.be\/index.php?rest_route=\/wp\/v2\/types\/page"}],"author":[{"embeddable":true,"href":"https:\/\/thomasdepryck.be\/index.php?rest_route=\/wp\/v2\/users\/1"}],"replies":[{"embeddable":true,"href":"https:\/\/thomasdepryck.be\/index.php?rest_route=%2Fwp%2Fv2%2Fcomments&post=125"}],"version-history":[{"count":1,"href":"https:\/\/thomasdepryck.be\/index.php?rest_route=\/wp\/v2\/pages\/125\/revisions"}],"predecessor-version":[{"id":126,"href":"https:\/\/thomasdepryck.be\/index.php?rest_route=\/wp\/v2\/pages\/125\/revisions\/126"}],"wp:attachment":[{"href":"https:\/\/thomasdepryck.be\/index.php?rest_route=%2Fwp%2Fv2%2Fmedia&parent=125"}],"curies":[{"name":"wp","href":"https:\/\/api.w.org\/{rel}","templated":true}]}}

le fond de l&rsquo;air est toujours aussi froid &#8211; synopsis &#8211; crédits

<p>Le fond de l’air est frais ? Le fond de l’air est rouge ?</p>
<p>Le fond de l’air est toujours aussi froid.</p>
<p>Trois hommes, une femme, un patron, un homme d’affaire, quelques hommes politiques, des comédien(ne)s et quelques riches sont mis dans le même chapeau de ce texte à l’écriture vive et polyphonique, ironique et satirique.</p>
<p>A l’horizon d’une ambiance de lutte des classes supposée en déclin, « Le fond de l’air est toujours aussi froid » s’invite dans l’enfer économique de notre temps, dans le grand pétrin capitaliste, au rayon de la colère, avec une petite musique d’une noirceur jubilatoire qui sonne comme un avertissement, à renverser joyeusement les perspectives (ou presque), tout ne s’interdisant pas de s’attarder, par exemple, sur le célèbre et énigmatique tableau de Magritte « Golconda », ou de jouer à « je te tiens, tu me tiens par la barbichette ».</p>
<p><strong>Création(s) – Date(s) de représentations :</strong></p>
<ul>
<li>(en cours) par la Compagnie Après moi le déluge ?, mise en scène de Michel Collige, avec Fanny Dreiss, Mickaël Dubois, Colin Javaux, Marc Laurent et Allan Bertin :
<ul>
<li>Cocq&rsquo;Art Festival, Bruxelles, BE, le 2 juin 2017.</li>
</ul>
</li>
</ul>

<p>Le fond de l’air est frais ? Le fond de l’air est rouge ? Le fond de l’air est toujours aussi froid. Trois hommes, une femme, un patron, un homme d’affaire, quelques hommes politiques, des comédien(ne)s et quelques riches sont mis dans le même chapeau de ce texte à l’écriture vive et polyphonique, ironique et satirique. A &hellip; </p>
<p class="link-more"><a href="https://thomasdepryck.be/?page_id=125" class="more-link">Continuer la lecture<span class="screen-reader-text"> de &laquo;&nbsp;le fond de l&rsquo;air est toujours aussi froid &#8211; synopsis &#8211; crédits&nbsp;&raquo;</span></a></p>

<!-- This site is optimized with the Yoast SEO plugin v18.2 - https://yoast.com/wordpress/plugins/seo/ -->
<title>le fond de l&#039;air est toujours aussi froid - synopsis - crédits - thomas depryck</title>
<meta name="robots" content="index, follow, max-snippet:-1, max-image-preview:large, max-video-preview:-1" />
<link rel="canonical" href="https://thomasdepryck.be/?page_id=125" />
<meta property="og:locale" content="fr_FR" />
<meta property="og:type" content="article" />
<meta property="og:title" content="le fond de l&#039;air est toujours aussi froid - synopsis - crédits - thomas depryck" />
<meta property="og:description" content="Le fond de l’air est frais ? Le fond de l’air est rouge ? Le fond de l’air est toujours aussi froid. Trois hommes, une femme, un patron, un homme d’affaire, quelques hommes politiques, des comédien(ne)s et quelques riches sont mis dans le même chapeau de ce texte à l’écriture vive et polyphonique, ironique et satirique. A &hellip; Continuer la lecture de &laquo;&nbsp;le fond de l&rsquo;air est toujours aussi froid &#8211; synopsis &#8211; crédits&nbsp;&raquo;" />
<meta property="og:url" content="https://thomasdepryck.be/?page_id=125" />
<meta property="og:site_name" content="thomas depryck" />
<meta name="twitter:card" content="summary" />
<meta name="twitter:label1" content="Durée de lecture estimée" />
	<meta name="twitter:data1" content="1 minute" />
<script type="application/ld+json" class="yoast-schema-graph">{"@context":"https://schema.org","@graph":[{"@type":"WebSite","@id":"https://thomasdepryck.be/#website","url":"https://thomasdepryck.be/","name":"thomas depryck","description":"auteur &amp; dramaturge","potentialAction":[{"@type":"SearchAction","target":{"@type":"EntryPoint","urlTemplate":"https://thomasdepryck.be/?s={search_term_string}"},"query-input":"required name=search_term_string"}],"inLanguage":"fr-FR"},{"@type":"WebPage","@id":"https://thomasdepryck.be/?page_id=125#webpage","url":"https://thomasdepryck.be/?page_id=125","name":"le fond de l'air est toujours aussi froid - synopsis - crédits - thomas depryck","isPartOf":{"@id":"https://thomasdepryck.be/#website"},"datePublished":"2017-09-09T13:09:19+00:00","dateModified":"2017-09-09T13:09:19+00:00","breadcrumb":{"@id":"https://thomasdepryck.be/?page_id=125#breadcrumb"},"inLanguage":"fr-FR","potentialAction":[{"@type":"ReadAction","target":["https://thomasdepryck.be/?page_id=125"]}]},{"@type":"BreadcrumbList","@id":"https://thomasdepryck.be/?page_id=125#breadcrumb","itemListElement":[{"@type":"ListItem","position":1,"name":"Accueil","item":"https://thomasdepryck.be/"},{"@type":"ListItem","position":2,"name":"le fond de l&rsquo;air est toujours aussi froid &#8211; synopsis &#8211; crédits"}]}]}</script>
<!-- / Yoast SEO plugin. -->

le fond de l'air est toujours aussi froid - synopsis - crédits - thomas depryck

Le fond de l’air est frais ? Le fond de l’air est rouge ? Le fond de l’air est toujours aussi froid. Trois hommes, une femme, un patron, un homme d’affaire, quelques hommes politiques, des comédien(ne)s et quelques riches sont mis dans le même chapeau de ce texte à l’écriture vive et polyphonique, ironique et satirique. A &hellip; Continuer la lecture de &laquo;&nbsp;le fond de l&rsquo;air est toujours aussi froid &#8211; synopsis &#8211; crédits&nbsp;&raquo;
